 = l*y, 4*y - 6 = -3*v + y. What are the prime factors of v?
2, 3
Suppose 9*j - 5700 = -j. List the prime factors of j.
2, 3, 5, 19
Suppose -2*t - y + 520 = -343, -5*t = y - 2150. List the prime factors of t.
3, 11, 13
Suppose -4*j + 2*l + 62 = 0, 5*l + 22 = -4*j + 105. Let s = j - 14. List the prime factors of (1/s)/((-8)/(-240)).
2, 5
Let t = -492 - -1217. What are the prime factors of t?
5, 29
List the prime factors of (-56832)/(-63) - ((-32)/(-84))/4.
2, 11, 41
Let q be (-24)/6 + 4 + 124. Suppose 3*p - 445 + q = 0. List the prime factors of p.
107
Let p = 10246 + -5470. List the prime factors of p.
2, 3, 199
Suppose -p = 3*p + 120. List the prime factors of (-2)/10*-157 - (-12)/p.
31
What are the prime factors of 4056/36*27/6?
3, 13
What are the prime factors of 11/((-308)/(-12608)) + 4/(-14)?
2, 3, 5
Let n be 1*(-6 - -3) + 1*3. Suppose -5*d + 31 = -4*f, 0*d - d + 3*f + 15 = 0. Suppose 5*u = n, k + d*k - 2*u - 212 = 0. What are the prime factors of k?
53
Let g(f) = -f**3 - 3*f**2 + f - 12. Let k be g(-5). Suppose -k = -p + 18. What are the prime factors of p?
3, 17
Suppose -2*m = 5*m - 2583. List the prime factors of m.
3, 41
Suppose 0 = 5*m + 4*a + 1447, 0 = a - 2. Let w = m + 557. What are the prime factors of w?
2, 7, 19
Let j = 1082 + -688. What are the prime factors of j?
2, 197
Suppose 0 = 4*g - 8*g - 4*q + 1212, -3*g + 877 = -5*q. What are the prime factors of g?
13, 23
Suppose 19*w = 7*w - 24. List the prime factors of (395/(-20))/(w/16).
2, 79
Let g(l) = 99*l**2 + 36*l - 178. What are the prime factors of g(6)?
2, 1801
Let r = 40 + -32. Let m(j) = j + 36. List the prime factors of m(r).
2, 11
Let d = -114 + 446. List the prime factors of d.
2, 83
Let k(w) = -4*w**2 - w + 156. Let b(g) = -3*g**2 - g + 156. Let i(h) = 3*b(h) - 2*k(h). What are the prime factors of i(0)?
2, 3, 13
Let l(n) = 2*n**3 + 128*n**2 - 42*n + 15. List the prime factors of l(-64).
3, 17, 53
Let m(v) = 3*v**3 + 2*v**2 - v + 1. Let k be m(1). What are the prime factors of 2/k - (-306)/10?
31
Suppose -23 = 3*a - 107. Suppose 4*n - a = -3*c - 0*n, 2*n = -4*c + 44. What are the prime factors of c?
2, 3
Suppose 3*r - 239 = 5*c + 6503, 0 = -5*r - 4*c + 11212. What are the prime factors of r?
2, 3, 11, 17
Suppose 17025 + 1411 = 4*y - 4*z, -3*y = -z - 13831. What are the prime factors of y?
3, 29, 53
Let o(k) = -84*k**2 + 2*k. Let r be o(-4). What are the prime factors of r/(-28) - (-1)/(14/(-4))?
2, 3
Let c = 559 + -142. List the prime factors of c.
3, 139
Suppose -1839*b - 2358 = -1842*b. List the prime factors of b.
2, 3, 131
Suppose u + 5*v = 604 + 736, v - 1320 = -u. List the prime factors of u.
5, 263
Let s = 21 - 201. List the prime factors of 4/26 - s/13.
2, 7
Let g(j) = 19*j**3 - 4*j**2 + 2*j + 11. List the prime factors of g(3).
2, 13, 19
Suppose -2*t + 3*t = 2*a + 8, -12 = -5*t - 4*a. Let f = 66 + -36. Suppose n = x + f, 5 = -0*n + n + t*x. What are the prime factors of n?
5
Let p(a) = 53*a - 11. Let r be p(-2). Let c = r - -154. List the prime factors of c.
37
Let g(h) = 5*h + 11. Let s be g(-3). What are the prime factors of (s + 12/4)/((-3)/108)?
2, 3
Suppose 3*w - n = 8521, 3*w - 9*n - 8531 = -13*n. What are the prime factors of w?
3, 947
Let w(u) = -u**3 - 8*u**2 - 8*u - 3. Let p(d) = -d**3 + 5*d**2 - d - 2. Let t be p(5). Let v be w(t). Suppose 2*a = 4 + v. What are the prime factors of a?
2
Suppose -2*s - 3*s - 13 = -4*d, 4*s + 35 = -5*d. Let o = d + 5. Suppose 0 = -o*b - b + 141. List the prime factors of b.
47
Suppose -h = 2 + 3. What are the prime factors of ((-280)/25)/(1/h)?
2, 7
Let d(b) = -8 - 6 - 4 - 5 - 62*b. What are the prime factors of d(-3)?
163
Let w = -52 + 48. Let r(v) = -v**3 + v**2 - 3*v - 1. List the prime factors of r(w).
7, 13
Suppose 2*h - 3*a + 5*a - 4 = 0, a = 2*h - 1. What are the prime factors of 51*h/((-12)/(-16))?
2, 17
Suppose -3*k + 5*l = -8*k + 85, -5*l = 3*k - 53. Suppose 0 = 5*m - 33 - 57. Let z = m - k. What are the prime factors of z?
2
Let m = -31 + 54. Let n(y) = 4*y**3 - 12*y**2 + m*y**2 - 13*y**2. List the prime factors of n(2).
2, 3
Suppose -2*c + 751 = -5*n - 0*n, -1 = -n. What are the prime factors of c?
2, 3, 7
Let x be (-90)/(-24) - (-2)/8. Suppose -x*m + 2*m + 98 = 0. What are the prime factors of (-2)/6 + m/3?
2
Let s = -460 - -742. List the prime factors of s.
2, 3, 47
Let c be (-5 - (-4)/1)*-57. Let b = -27 + c. List the prime factors of b.
2, 3, 5
Suppose -i + 5*i = 0. What are the prime factors of i/5 - (-35 - -4)?
31
Let z be 0*2/(-10) + 3 - 5. Let r(g) = -2*g**3 + 1 + 3*g**2 + 2*g - 3*g**3 + 4*g**3. List the prime factors of r(z).
17
Let f = -220 + 301. What are the prime factors of f?
3
Suppose -5*p + 7*p = 10. Suppose 0 = 2*y - 4*f + 2*f - 126, -p*f - 43 = -y. List the prime factors of y.
2, 17
Suppose -3*l - 17 = -2*l. Let c = 22 + l. Suppose 75 = y - 2*a, -a - 149 = -c*y + 199. What are the prime factors of y?
3, 23
Let q(p) = 10*p - 6. Let n be q(14). Let j = n + -75. Let z = j + -29. What are the prime factors of z?
2, 3, 5
Suppose -l - 2*z = z - 17, 5*l + 4*z = 41. Suppose l*d - 4 = 4*d. Suppose 0 = 4*x + 4*j - 64, x = -0*x + d*j + 26. What are the prime factors of x?
2, 3
Suppose -20*f = -22*f - 438. Let m = f - -336. List the prime factors of m.
3, 13
Let y be -1 - -1 - (1 + 0). Suppose i - 20 = -2*w, -4*w = 5*i + 19 - 53. What are the prime factors of y - (w*-2 - -3)?
2, 3
Let i(o) = o**3 + 2. Let w be i(0). Suppose -8 = -5*y + w. What are the prime factors of y?
2
Let f = 9 + 0. Suppose 30 = 5*p - 4*h, -2*p + 5*p = -h + 1. Let i = f + p. List the prime factors of i.
11
Let k(g) = g**2 + 14*g - 16. Let h(b) = -15*b**3 - 3*b**2 - 4*b - 3. Let x be h(-2). Let s be 14/98 - x/7. List the prime factors of k(s).
2
Let w = 401 - -409. What are the prime factors of w?
2, 3, 5
Suppose 5*x - 555 = -5*m, 391 = 3*x - m + 54. Suppose 5*c + 5*q + 395 = 0, 4*c - 2*q + 222 = c. Let i = x + c. What are the prime factors of i?
2, 3
Let w(l) = -2*l + 19. Let k be w(13). Let r = k - -10. Suppose v + 46 = r*v. List the prime factors of v.
23
Let g = 160 - 27. Suppose 2*x = 117 + g. List the prime factors of x.
5
Suppose 3*h = -3*x + 262 + 200, -3*h = -2*x - 467. What are the prime factors of h?
5, 31
Suppose -2*j = -3*x - 23, -2*x - 18 = -j - j. Suppose 3*b = -1 + j. List the prime factors of (-525)/(-10) - b/2.
2, 13
Suppose m - 64 = 568. List the prime factors of m.
2, 79
Suppose 4*c + 20 = 80. Suppose -c = -6*t + t. Suppose 0 = -t*g - g + 156. What are the prime factors of g?
3, 13
Suppose -9 - 15 = 4*w. What are the prime factors of ((15/w)/(-5))/((-1)/(-64))?
2
Let g = -16 + 18. Suppose 4*h - 80 = 2*j, g*h - 30 = -5*j + j. Let x = -2 + h. List the prime factors of x.
17
Let s = -178 - -340. List the prime factors of s.
2, 3
Suppose 13*z = 12*z + 6. Let f = z + 7. List the prime factors of f.
13
Let y(c) = 21*c + 1. What are the prime factors of y(2)?
43
Let j(c) = -c**3 + 4*c**2 + 5*c + 7. Suppose 30 = 6*t - 3*t. Suppose -z = 2*y - t, 10 = 3*y - y + 5*z. What are the prime factors of j(y)?
7
Suppose a + 13 = 134. Suppose 23 = -l + a. List the prime factors of l.
2, 7
Let n = 288 - -30. Suppose n - 2054 = -7*b. What are the prime factors of b?
2, 31
Suppose 38*q - 69622 = 19944. What are the prime factors of q?
2357
Let b(j) = -43*j**3 + 3*j - 2. Let o be b(1). What are the prime factors of (-4)/(-14) - 8220/o?
2, 7
Let b(n) = 16*n + 1. Let i be b(10). Let f = i + -73. What are the prime factors of 92/22 - 16/f?
2
Suppose 3*i - 28 = 95. Suppose -t = -15 - i. Suppose 3*d = 5*d - t. What are the prime factors of d?
2, 7
Let k be (-84)/3*(-7)/(-4). Let i = 25 + k. What are the prime factors of 6*2*(-28)/i?
2, 7
Suppose 234 + 488 = 2*d. List the prime factors of d.
19
Suppose -1 = -3*g + 20. Let h be 8*(70/4)/g. Suppose h = 2*c + 4. What are the prime factors of c?
2
Suppose 0 = 5*s - 3*y - 1792, -4*y - 355 = 4*s - 5*s. What are the prime factors of s?
359
Let d be (-53)/(-11) - (-6)/33. Suppose -d*p = -11 + 1. Suppose 7*q - 2*q = p*f + 205, -5*q = -3*f - 210. What are the prime factors of q?
3, 13
Suppose 17 = -5*a - 18. What are the prime factors of a/(21/(-74)) + (-2)/(-6)?
5
Suppose 2*p - 4 = -188. What are the prime factors of p/(-14) - (-30)/70?
7
What are the prime factors of (-37)/(-185) - 48/(-10)